725183 a multiple of 97?
True
Is 84357165 a multiple of 125?
False
Is 1649 a factor of 6225414240?
False
Does 33 divide 25373715?
False
Is 1203 a factor of 2509871397?
False
Is 919502037 a multiple of 5427?
True
Is 1181312802 a multiple of 436?
False
Is 151545621 a multiple of 315?
False
Does 1476 divide 35060904?
True
Is 56 a factor of 2154044872?
True
Is 18 a factor of 1294794?
True
Is 24700499 a multiple of 176?
False
Is 7863563 a multiple of 4?
False
Is 5693059126 a multiple of 6359?
False
Is 190258494 a multiple of 3?
True
Does 80 divide 528090080?
True
Is 7914444 a multiple of 13?
False
Does 2437 divide 102863333?
True
Does 3858 divide 206881392?
True
Is 13 a factor of 16363755?
False
Is 211 a factor of 145695063?
False
Is 16643094 a multiple of 218?
False
Is 77256398 a multiple of 50?
False
Does 639 divide 399104703?
True
Is 262 a factor of 43608590?
True
Is 27 a factor of 200007767?
False
Does 146 divide 1096883128?
False
Is 221 a factor of 1795183?
True
Is 5624 a factor of 237272073?
False
Does 1155 divide 24097920?
True
Is 30333046 a multiple of 71?
True
Does 287 divide 1607610984?
True
Is 10 a factor of 4890741?
False
Does 6 divide 7182698?
False
Is 58 a factor of 201166330?
True
Is 247013106 a multiple of 282?
True
Is 250888764 a multiple of 21?
True
Is 104 a factor of 987912397?
False
Does 5827 divide 919883000?
False
Is 8 a factor of 72360600?
True
Is 1260 a factor of 90827100?
True
Is 528793966 a multiple of 6?
False
Does 24 divide 662342604?
False
Does 98 divide 8727292?
True
Is 3036 a factor of 250443112?
False
Is 135 a factor of 44735625?
True
Is 1399 a factor of 120098554?
True
Is 32385673 a multiple of 33?
False
Is 347 a factor of 22918941?
False
Is 154645479 a multiple of 86?
False
Is 408846274 a multiple of 182?
False
Does 21 divide 966785?
False
Is 314603616 a multiple of 354?
False
Does 1572 divide 29510879?
False
Is 1228 a factor of 38451136?
True
Is 6336 a factor of 3414652722?
False
Is 2500293071 a multiple of 59?
False
Does 23 divide 3936887401?
False
Is 136 a factor of 25272118?
False
Is 59434734 a multiple of 178?
True
Is 234792300 a multiple of 60?
True
Is 69759122 a multiple of 2419?
True
Does 9 divide 3444850340?
False
Is 30543982 a multiple of 65?
False
Is 207 a factor of 76664883?
False
Is 1741 a factor of 55988621?
False
Is 20232387 a multiple of 265?
False
Does 2042 divide 272455892?
True
Is 325 a factor of 281508857?
False
Is 1108 a factor of 1593704181?
False
Does 1498 divide 64313954?
False
Does 1876 divide 50029168?
True
Does 8259 divide 75974541?
True
Is 4482660 a multiple of 210?
True
Does 213 divide 184176414?
True
Is 78228043 a multiple of 1652?
False
Does 22 divide 1080442?
True
Is 12 a factor of 14366820?
True
Is 26920173 a multiple of 208?
False
Does 104 divide 141465379?
False
Does 40 divide 30415240?
True
Is 1147570640 a multiple of 617?
True
Does 187 divide 891204406?
False
Is 80 a factor of 221519564?
False
Is 36540662 a multiple of 1820?
False
Is 393483904 a multiple of 374?
True
Is 1408750267 a multiple of 33?
False
Is 404710980 a multiple of 3?
True
Does 41 divide 7039085?
True
Is 13019574 a multiple of 233?
True
Is 61 a factor of 40187654?
True
Is 2401002052 a multiple of 718?
True
Does 25 divide 21590525?
True
Does 121 divide 2281334?
True
Does 246 divide 54522725?
False
Does 11 divide 12049039?
False
Is 216588724 a multiple of 314?
False
Does 11 divide 594054237?
False
Does 2476 divide 207369952?
True
Is 4 a factor of 3376068?
True
Does 40 divide 4539200?
True
Does 18 divide 36538428?
False
Does 834 divide 29624514?
True
Is 36 a factor of 836766931?
False
Does 3195 divide 1418966595?
True
Does 5 divide 5520868?
False
Is 200129490 a multiple of 5099?
False
Is 19089572 a multiple of 62?
False
Is 112 a factor of 161295904?
True
Is 139 a factor of 128799346?
True
Does 8 divide 1785240?
True
Is 16850304 a multiple of 16?
True
Is 64237567 a multiple of 2698?
False
Is 8697340 a multiple of 510?
False
Is 218 a factor of 39557626?
True
Does 69 divide 13547598?
True
Is 87 a factor of 2290850667?
False
Does 21 divide 4069792?
False
Is 459 a factor of 10669914?
True
Is 129567878 a multiple of 46?
True
Does 9 divide 111522726?
True
Is 381 a factor of 4490890020?
False
Is 2040 a factor of 319294546?
False
Is 2261 a factor of 155020943?
True
Does 755 divide 1062123430?
True
Is 4513761 a multiple of 63?
True
Is 223162356 a multiple of 2649?
True
Is 67 a factor of 122412822?
False
Is 1132 a factor of 48024935?
False
Does 1895 divide 65623850?
True
Is 842 a factor of 99478480?
False
Does 133 divide 1351711186?
True
Is 791 a factor of 658998711?
True
Is 3134120 a multiple of 6?
False
Is 1038 a factor of 439469909?
False
Is 12744942 a multiple of 346?
False
Is 10586702 a multiple of 33?
False
Is 256 a factor of 22249728?
True
Is 48 a factor of 400850880?
True
Is 7851807 a multiple of 13?
False
Is 172268488 a multiple of 217?
True
Is 45731201 a multiple of 2?
False
Is 2972 a factor of 2116679204?
True
Is 49266816 a multiple of 544?
True
Does 263 divide 14691834?
False
Does 198 divide 15410788?
False
Is 6 a factor of 226080972?
True
Is 153881132 a multiple of 17?
False
Does 27 divide 71866754?
False
Does 51 divide 23799382?
False
Is 572208 a multiple of 12?
True
Is 390018977 a multiple of 36?
False
Is 1027307192 a multiple of 1316?
False
Does 879 divide 305952663?
False
Is 216129737 a multiple of 198?
False
Does 1787 divide 35958869?
False
Is 48170714 a multiple of 124?
False
Does 13 divide 62102391?
True
Does 9168 divide 1977323656?
False
Is 959353605 a multiple of 855?
True
Does 3148 divide 21952390?
False
Is 6147050 a multiple of 25?
True
Is 23 a factor of 109836063?
True
Is 2 a factor of 1516397168?
True
Is 410 a factor of 590415200?
False
Is 874908738 a multiple of 593?
False
Is 46 a factor of 939031637?
False
Is 6 a factor of 167608068?
True
Is 380 a factor of 722652764?
False
Does 2485 divide 4469401720?
True
Is 50108392 a multiple of 284?
True
Does 13 divide 127849145?
False
Is 2280909435 a multiple of 19?
True
Does 10300 divide 697987334?
False
Is 2095 a factor of 17434958?
False
Does 133 divide 362475806?
True
Does 188 divide 95611129?
False
Is 191850111 a multiple of 369?
True
Is 3 a factor of 265857?
True
Is 1167699832 a multiple of 19?
False
Is 32693895 a multiple of 65?
True
Is 5473735 a multiple of 70?
False
Is 65 a factor of 4441610199?
False
Does 261 divide 22634181?
True
Is 245 a factor of 121520000?
True
Is 128501280 a multiple of 144?
True
Is 7 a factor of 3029218?
False
Is 1154008386 a multiple of 148?
False
Is 22 a factor of 3660268436?
True
Does 94 divide 21368118?
False
Does 2379 divide 5445531?
True
Does 83 divide 15263417?
False
Is 264 a factor of 64989144?
True
Is 518135860 a multiple of 109?
True
Is 32 a factor of 188638633?
False
Does 11 divide 170583545?
True
Is 3657 a factor of 62849202?
True
Is 76 a factor of 183337858?
False
Is 427 a factor of 28737159?
False
Is 2785874709 a multiple of 373?
True
Does 807 divide 589996952?
False
Is 24820066 a multiple of 825?
False
Does 372 divide 789868661?
False
Does 24 divide 25565914?
False
Is 1385906093 a multiple of 13?
True
Is 3 a factor of 466680?
True
Does 38 divide 855805752?
True
Is 273706440 a multiple of 6?
True
Does 206 divide 12928735?
False
Does 446 divide 1995007060?
True
Is 16 a factor of 12898944?
True
Is 168 a factor of 4135824?
True
Does 22 divide 5620943?
False
Is 61219004 a multiple of 44?
True
Does 7 divide 9375313?
False
Does 67 divide 426948053?
True
Is 397 a factor of 183785195?
True
Is 18533520 a multiple of 36?
True
Is 203766345 a multiple of 5?
True
Does 762 divide 21638514?
True
Does 16 divide 8465616?
True
Is 34648418 a multiple of 218?
False
Is 63674564 a multiple of 412?
False
Is 36 a factor of 1347755?
False
Is 1438164 a multiple of 18?
True
Is 371306880 a multiple of 630?
True
Does 10 divide 521673880?
True
Is 67139805 a multiple of 13?
False
Is 40511913 a multiple of 44?
False
Does 128 divide 5943063?
False
Is 674378166 a multiple of 66?
True
Is 95770604 a multiple of 79?
False
Is 4787 a factor of 117247991?
True
Is 23055692 a multiple of 682?
True
Is 25589055 a multiple of 365?
True
Is 20 a factor of 209952708?
False
Is 771 a factor of 51004878?
False
Is 3 a factor of 675391?
False
Is 197551863 a mul